{"id":31,"date":"2016-01-29T15:11:56","date_gmt":"2016-01-29T14:11:56","guid":{"rendered":"http:\/\/mpaschule.ch\/?page_id=31"},"modified":"2026-02-19T15:29:18","modified_gmt":"2026-02-19T14:29:18","slug":"ueber-uns","status":"publish","type":"page","link":"https:\/\/www.mpaschule.ch\/index.php\/ueber-uns\/","title":{"rendered":"\u00dcber uns"},"content":{"rendered":"<h3><span style=\"color: #000080;\">Dank der famili\u00e4ren Atmosph\u00e4re, die wir bewusst f\u00f6rdern, werden einzelne Gesichter noch wahrgenommen. Man begegnet und kennt sich, was f\u00fcr die Toleranz, die Diskussions- und Teamf\u00e4higkeit f\u00f6rderlich ist. Unsere Modernisierungsinitiative schafft mehr- nicht weniger Raum f\u00fcr die menschlichen Aspekte der beruflichen Aus- und Weiterbildung.<\/span><\/h3>\n<p>&nbsp;<\/p>\n<h3><span style=\"color: #993300;\">Unser Leitbild<\/span><\/h3>\n<div>\n<h4><span lang=\"DE-CH\">Die MPA Berufs- und Handelsschule Buchs ist eine anerkannte Schweizer Bildungsinstitution f\u00fcr berufliche Grundbildung und Weiterbildung.<br data-start=\"2570\" data-end=\"2573\" \/>Wir verbinden langj\u00e4hrige Erfahrung mit modernen Lernformen und richten unsere Bildungsangebote konsequent an den Anforderungen der beruflichen Praxis aus.<\/span><\/h4>\n<\/div>\n<h4 data-start=\"2730\" data-end=\"2949\"><span lang=\"DE-CH\">Im Zentrum steht der Mensch und sein individueller Lernweg.<br data-start=\"2789\" data-end=\"2792\" \/>Pers\u00f6nliche Betreuung, kurze Entscheidungswege und eine wertsch\u00e4tzende Lernkultur erm\u00f6glichen wirksames, nachhaltiges Lernen in Ausbildung und Weiterbildung.<\/span><\/h4>\n<h4 data-start=\"2951\" data-end=\"3173\"><span lang=\"DE-CH\">Unsere Angebote sind kompetenzorientiert, effizient strukturiert und praxisnah gestaltet.<br data-start=\"3040\" data-end=\"3043\" \/>Wir ber\u00fccksichtigen die Vorerfahrungen erwachsener Lernender und f\u00f6rdern den gezielten Transfer des Gelernten in den Berufsalltag.<\/span><\/h4>\n<div>\n<h4 data-start=\"3175\" data-end=\"3357\"><span lang=\"DE-CH\">Qualit\u00e4tssicherung, kontinuierliche Weiterentwicklung sowie der reflektierte Einsatz zeitgem\u00e4sser Methoden pr\u00e4gen unser Selbstverst\u00e4ndnis als zukunftsorientierte Bildungsinstitution.<\/span><\/h4>\n<\/div>\n<hr \/>\n<h3>Unser Logo \u00a0&#8211; <span style=\"color: #000080;\">Die Spirale<\/span> und <span style=\"color: #993300;\">das Quadrat<\/span><\/h3>\n<h4><span style=\"color: #000080;\">Die Spirale<\/span><\/h4>\n<h4>Die Spirale ist ein altes Symbol und steht f\u00fcr den immer wiederkehrenden Wechsel in uns, einerseits Sammlung und Zentrierung nach Innen und andererseits \u00d6ffnung und Ausbreitung nach Aussen. Sie steht f\u00fcr den Kreislauf des Erkenntnisgewinns: Wahrnehmen, Erfassen, Verstehen, Erkl\u00e4ren, &#8230;<\/h4>\n<hr \/>\n<h4><span style=\"color: #800000;\">Das Quadrat<\/span><\/h4>\n<h4>Das Quadrat ist ein Symbol f\u00fcr Stabilit\u00e4t, Regelm\u00e4ssigkeit, Ordnung, Festigkeit und einen flexiblen Geist. Die Form verleiht Kraft, Mut und ein ausgepr\u00e4gtes Selbstbewusstsein.<\/h4>\n<hr \/>\n<h4><span style=\"color: #000080;\">Blau<\/span> und <span style=\"color: #800000;\">Rot<\/span><\/h4>\n<h4>Die Farbe Blau steht f\u00fcr Vertrauen, Kommunikation und Respekt.<br \/>\nDie Farbe Rot ist mit dem Geist des Lebens verbunden und schenkt Mut, Kraft und Energie.<\/h4>\n<hr \/>\n<h4>Quintessenz unseres Logos<\/h4>\n<h4>Unser Logo bedeutet also Fortbewegung, Entfaltung, Entwicklung, Wandel, Erneuerung, Lebenskraft auch Mut und Entschlossenheit, Liebe und Vertrauen. Genau das ist es, was wir allen von Herzen w\u00fcnschen!<\/h4>\n<hr \/>\n<h3 data-start=\"1256\" data-end=\"1526\"><span style=\"color: #993300;\">Unsere Didaktischen Grunds\u00e4tze &#8211; Grundbildung<\/span><\/h3>\n<h4>Unsere schulisch organisierte Grundbildung basiert auf einer klaren Struktur, verl\u00e4sslichen Rahmenbedingungen und einer lernf\u00f6rdernden Umgebung.<br data-start=\"1400\" data-end=\"1403\" \/>Wir begleiten Lernende w\u00e4hrend ihrer Ausbildung pers\u00f6nlich und f\u00f6rdern sowohl fachliche als auch \u00fcberfachliche Kompetenzen.<\/h4>\n<h4 data-start=\"1528\" data-end=\"1816\">Der Unterricht ist praxisnah, verst\u00e4ndlich aufgebaut und orientiert sich an den Bildungspl\u00e4nen sowie an den Anforderungen der sp\u00e4teren Berufspraxis.<br data-start=\"1676\" data-end=\"1679\" \/>Wir unterst\u00fctzen die Lernenden dabei, Verantwortung f\u00fcr ihren Lernprozess zu \u00fcbernehmen und schrittweise Selbstst\u00e4ndigkeit zu entwickeln.<\/h4>\n<h4 data-start=\"1818\" data-end=\"2017\">Durch klare Lernziele, regelm\u00e4ssige R\u00fcckmeldungen und gezielte F\u00f6rderung schaffen wir die Grundlage f\u00fcr nachhaltige Lernerfolge, hohe Abschlussquoten und einen erfolgreichen Einstieg ins Berufsleben.<\/h4>\n<p>&nbsp;<\/p>\n<hr \/>\n<h3><span style=\"color: #000080;\">Unsere Didaktische Grunds\u00e4tze \u2013 Weiterbildung<\/span><\/h3>\n<h4 data-start=\"488\" data-end=\"685\">Unsere Weiterbildungsangebote sind praxis- und kompetenzorientiert aufgebaut.<br data-start=\"565\" data-end=\"568\" \/>Sie richten sich an erwachsene Lernende und orientieren sich konsequent an den Anforderungen des beruflichen Alltags.<\/h4>\n<h4 data-start=\"687\" data-end=\"935\">Wir ber\u00fccksichtigen vorhandene Berufs- und Lebenserfahrung und f\u00f6rdern eigenverantwortliches, zielgerichtetes Lernen.<br data-start=\"804\" data-end=\"807\" \/>Die Lernenden werden aktiv in den Lernprozess einbezogen und durch pers\u00f6nliche Betreuung sowie gezielte R\u00fcckmeldungen begleitet.<\/h4>\n<h4 data-start=\"937\" data-end=\"1188\">Der Fokus liegt auf der unmittelbaren Anwendbarkeit des Gelernten sowie auf dem nachhaltigen Transfer in die berufliche Praxis.<br data-start=\"1064\" data-end=\"1067\" \/>Strukturierte Lernziele, effiziente Lernformen und der reflektierte Einsatz zeitgem\u00e4sser Methoden sichern den Lernerfolg.<\/h4>\n","protected":false},"excerpt":{"rendered":"<p>Dank der famili\u00e4ren Atmosph\u00e4re, die wir bewusst f\u00f6rdern, werden einzelne Gesichter noch wahrgenommen. Man begegnet und kennt sich, was f\u00fcr die Toleranz, <a class=\"read-more\" href=\"https:\/\/www.mpaschule.ch\/index.php\/ueber-uns\/\">weiterlesen<\/a><\/p>\n","protected":false},"author":1,"featured_media":1604,"parent":0,"menu_order":0,"comment_status":"closed","ping_status":"closed","template":"TMP_TEAM.php","meta":{"_acf_changed":false,"footnotes":""},"class_list":["post-31","page","type-page","status-publish","has-post-thumbnail","hentry"],"acf":[],"yoast_head":"<!-- This site is optimized with the Yoast SEO plugin v27.3 - https:\/\/yoast.com\/product\/yoast-seo-wordpress\/ -->\r\n<title>\u00dcber uns - MPA Berufs- und Handelsschule Buchs<\/title>\r\n<meta name=\"description\" content=\"\u00dcber uns: Die MPA Buchs steht f\u00fcr pers\u00f6nliche Lernatmosph\u00e4re und moderne, praxisnahe Aus- und Weiterbildung mit Fokus auf den Menschen\" \/>\r\n<meta name=\"robots\" content=\"index, follow, max-snippet:-1, max-image-preview:large, max-video-preview:-1\" \/>\r\n<link rel=\"canonical\" href=\"https:\/\/www.mpaschule.ch\/index.php\/ueber-uns\/\" \/>\r\n<meta property=\"og:locale\" content=\"de_DE\" \/>\r\n<meta property=\"og:type\" content=\"article\" \/>\r\n<meta property=\"og:title\" content=\"\u00dcber uns - MPA Berufs- und Handelsschule Buchs\" \/>\r\n<meta property=\"og:description\" content=\"\u00dcber uns: Die MPA Buchs steht f\u00fcr pers\u00f6nliche Lernatmosph\u00e4re und moderne, praxisnahe Aus- und Weiterbildung mit Fokus auf den Menschen\" \/>\r\n<meta property=\"og:url\" content=\"https:\/\/www.mpaschule.ch\/index.php\/ueber-uns\/\" \/>\r\n<meta property=\"og:site_name\" content=\"MPA Berufs- und Handelsschule Buchs\" \/>\r\n<meta property=\"article:publisher\" content=\"https:\/\/www.facebook.com\/people\/MPA-Berufs-und-Handelsschule\/61575351655872\/\" \/>\r\n<meta property=\"article:modified_time\" content=\"2026-02-19T14:29:18+00:00\" \/>\r\n<meta property=\"og:image\" content=\"https:\/\/www.mpaschule.ch\/wp-content\/uploads\/2016\/01\/DSC_0043-e1466668658841.jpg\" \/>\r\n\t<meta property=\"og:image:width\" content=\"1007\" \/>\r\n\t<meta property=\"og:image:height\" content=\"676\" \/>\r\n\t<meta property=\"og:image:type\" content=\"image\/jpeg\" \/>\r\n<meta name=\"twitter:card\" content=\"summary_large_image\" \/>\r\n<meta name=\"twitter:label1\" content=\"Gesch\u00e4tzte Lesezeit\" \/>\n\t<meta name=\"twitter:data1\" content=\"3\u00a0Minuten\" \/>\r\n<script type=\"application\/ld+json\" class=\"yoast-schema-graph\">{\"@context\":\"https:\\\/\\\/schema.org\",\"@graph\":[{\"@type\":\"WebPage\",\"@id\":\"https:\\\/\\\/www.mpaschule.ch\\\/index.php\\\/ueber-uns\\\/\",\"url\":\"https:\\\/\\\/www.mpaschule.ch\\\/index.php\\\/ueber-uns\\\/\",\"name\":\"\u00dcber uns - MPA Berufs- und Handelsschule Buchs\",\"isPartOf\":{\"@id\":\"https:\\\/\\\/www.mpaschule.ch\\\/#website\"},\"primaryImageOfPage\":{\"@id\":\"https:\\\/\\\/www.mpaschule.ch\\\/index.php\\\/ueber-uns\\\/#primaryimage\"},\"image\":{\"@id\":\"https:\\\/\\\/www.mpaschule.ch\\\/index.php\\\/ueber-uns\\\/#primaryimage\"},\"thumbnailUrl\":\"https:\\\/\\\/www.mpaschule.ch\\\/wp-content\\\/uploads\\\/2016\\\/01\\\/DSC_0043-e1466668658841.jpg\",\"datePublished\":\"2016-01-29T14:11:56+00:00\",\"dateModified\":\"2026-02-19T14:29:18+00:00\",\"description\":\"\u00dcber uns: Die MPA Buchs steht f\u00fcr pers\u00f6nliche Lernatmosph\u00e4re und moderne, praxisnahe Aus- und Weiterbildung mit Fokus auf den Menschen\",\"breadcrumb\":{\"@id\":\"https:\\\/\\\/www.mpaschule.ch\\\/index.php\\\/ueber-uns\\\/#breadcrumb\"},\"inLanguage\":\"de\",\"potentialAction\":[{\"@type\":\"ReadAction\",\"target\":[\"https:\\\/\\\/www.mpaschule.ch\\\/index.php\\\/ueber-uns\\\/\"]}]},{\"@type\":\"ImageObject\",\"inLanguage\":\"de\",\"@id\":\"https:\\\/\\\/www.mpaschule.ch\\\/index.php\\\/ueber-uns\\\/#primaryimage\",\"url\":\"https:\\\/\\\/www.mpaschule.ch\\\/wp-content\\\/uploads\\\/2016\\\/01\\\/DSC_0043-e1466668658841.jpg\",\"contentUrl\":\"https:\\\/\\\/www.mpaschule.ch\\\/wp-content\\\/uploads\\\/2016\\\/01\\\/DSC_0043-e1466668658841.jpg\",\"width\":1007,\"height\":676},{\"@type\":\"BreadcrumbList\",\"@id\":\"https:\\\/\\\/www.mpaschule.ch\\\/index.php\\\/ueber-uns\\\/#breadcrumb\",\"itemListElement\":[{\"@type\":\"ListItem\",\"position\":1,\"name\":\"Start\",\"item\":\"https:\\\/\\\/www.mpaschule.ch\\\/\"},{\"@type\":\"ListItem\",\"position\":2,\"name\":\"\u00dcber uns\"}]},{\"@type\":\"WebSite\",\"@id\":\"https:\\\/\\\/www.mpaschule.ch\\\/#website\",\"url\":\"https:\\\/\\\/www.mpaschule.ch\\\/\",\"name\":\"MPA Berufs- und Handelsschule Buchs\",\"description\":\"MPA EFZ, KV EFZ, MPK klinische Richtung, MPK praxisleitende Richtung, Handelsdiplom VSH, B\u00fcrofachdiplom VSH, Medizinische Praxisassistentin\\\/Medizinischer Praxisassistent EFZ, Medizinische Sekret\u00e4rin H+\\\/Arztsekret\u00e4rin\",\"publisher\":{\"@id\":\"https:\\\/\\\/www.mpaschule.ch\\\/#organization\"},\"potentialAction\":[{\"@type\":\"SearchAction\",\"target\":{\"@type\":\"EntryPoint\",\"urlTemplate\":\"https:\\\/\\\/www.mpaschule.ch\\\/?s={search_term_string}\"},\"query-input\":{\"@type\":\"PropertyValueSpecification\",\"valueRequired\":true,\"valueName\":\"search_term_string\"}}],\"inLanguage\":\"de\"},{\"@type\":\"Organization\",\"@id\":\"https:\\\/\\\/www.mpaschule.ch\\\/#organization\",\"name\":\"MPA Berufs- und Handelsschule Buchs\",\"url\":\"https:\\\/\\\/www.mpaschule.ch\\\/\",\"logo\":{\"@type\":\"ImageObject\",\"inLanguage\":\"de\",\"@id\":\"https:\\\/\\\/www.mpaschule.ch\\\/#\\\/schema\\\/logo\\\/image\\\/\",\"url\":\"https:\\\/\\\/www.mpaschule.ch\\\/wp-content\\\/uploads\\\/2025\\\/12\\\/Logo_gross_WeissHintergrund.png\",\"contentUrl\":\"https:\\\/\\\/www.mpaschule.ch\\\/wp-content\\\/uploads\\\/2025\\\/12\\\/Logo_gross_WeissHintergrund.png\",\"width\":1902,\"height\":2007,\"caption\":\"MPA Berufs- und Handelsschule Buchs\"},\"image\":{\"@id\":\"https:\\\/\\\/www.mpaschule.ch\\\/#\\\/schema\\\/logo\\\/image\\\/\"},\"sameAs\":[\"https:\\\/\\\/www.facebook.com\\\/people\\\/MPA-Berufs-und-Handelsschule\\\/61575351655872\\\/\",\"https:\\\/\\\/www.instagram.com\\\/mpaschule\\\/\",\"https:\\\/\\\/www.youtube.com\\\/@mpaschule-buchs\"]}]}<\/script>\r\n<!-- \/ Yoast SEO plugin. -->","yoast_head_json":{"title":"\u00dcber uns - MPA Berufs- und Handelsschule Buchs","description":"\u00dcber uns: Die MPA Buchs steht f\u00fcr pers\u00f6nliche Lernatmosph\u00e4re und moderne, praxisnahe Aus- und Weiterbildung mit Fokus auf den Menschen","robots":{"index":"index","follow":"follow","max-snippet":"max-snippet:-1","max-image-preview":"max-image-preview:large","max-video-preview":"max-video-preview:-1"},"canonical":"https:\/\/www.mpaschule.ch\/index.php\/ueber-uns\/","og_locale":"de_DE","og_type":"article","og_title":"\u00dcber uns - MPA Berufs- und Handelsschule Buchs","og_description":"\u00dcber uns: Die MPA Buchs steht f\u00fcr pers\u00f6nliche Lernatmosph\u00e4re und moderne, praxisnahe Aus- und Weiterbildung mit Fokus auf den Menschen","og_url":"https:\/\/www.mpaschule.ch\/index.php\/ueber-uns\/","og_site_name":"MPA Berufs- und Handelsschule Buchs","article_publisher":"https:\/\/www.facebook.com\/people\/MPA-Berufs-und-Handelsschule\/61575351655872\/","article_modified_time":"2026-02-19T14:29:18+00:00","og_image":[{"width":1007,"height":676,"url":"https:\/\/www.mpaschule.ch\/wp-content\/uploads\/2016\/01\/DSC_0043-e1466668658841.jpg","type":"image\/jpeg"}],"twitter_card":"summary_large_image","twitter_misc":{"Gesch\u00e4tzte Lesezeit":"3\u00a0Minuten"},"schema":{"@context":"https:\/\/schema.org","@graph":[{"@type":"WebPage","@id":"https:\/\/www.mpaschule.ch\/index.php\/ueber-uns\/","url":"https:\/\/www.mpaschule.ch\/index.php\/ueber-uns\/","name":"\u00dcber uns - MPA Berufs- und Handelsschule Buchs","isPartOf":{"@id":"https:\/\/www.mpaschule.ch\/#website"},"primaryImageOfPage":{"@id":"https:\/\/www.mpaschule.ch\/index.php\/ueber-uns\/#primaryimage"},"image":{"@id":"https:\/\/www.mpaschule.ch\/index.php\/ueber-uns\/#primaryimage"},"thumbnailUrl":"https:\/\/www.mpaschule.ch\/wp-content\/uploads\/2016\/01\/DSC_0043-e1466668658841.jpg","datePublished":"2016-01-29T14:11:56+00:00","dateModified":"2026-02-19T14:29:18+00:00","description":"\u00dcber uns: Die MPA Buchs steht f\u00fcr pers\u00f6nliche Lernatmosph\u00e4re und moderne, praxisnahe Aus- und Weiterbildung mit Fokus auf den Menschen","breadcrumb":{"@id":"https:\/\/www.mpaschule.ch\/index.php\/ueber-uns\/#breadcrumb"},"inLanguage":"de","potentialAction":[{"@type":"ReadAction","target":["https:\/\/www.mpaschule.ch\/index.php\/ueber-uns\/"]}]},{"@type":"ImageObject","inLanguage":"de","@id":"https:\/\/www.mpaschule.ch\/index.php\/ueber-uns\/#primaryimage","url":"https:\/\/www.mpaschule.ch\/wp-content\/uploads\/2016\/01\/DSC_0043-e1466668658841.jpg","contentUrl":"https:\/\/www.mpaschule.ch\/wp-content\/uploads\/2016\/01\/DSC_0043-e1466668658841.jpg","width":1007,"height":676},{"@type":"BreadcrumbList","@id":"https:\/\/www.mpaschule.ch\/index.php\/ueber-uns\/#breadcrumb","itemListElement":[{"@type":"ListItem","position":1,"name":"Start","item":"https:\/\/www.mpaschule.ch\/"},{"@type":"ListItem","position":2,"name":"\u00dcber uns"}]},{"@type":"WebSite","@id":"https:\/\/www.mpaschule.ch\/#website","url":"https:\/\/www.mpaschule.ch\/","name":"MPA Berufs- und Handelsschule Buchs","description":"MPA EFZ, KV EFZ, MPK klinische Richtung, MPK praxisleitende Richtung, Handelsdiplom VSH, B\u00fcrofachdiplom VSH, Medizinische Praxisassistentin\/Medizinischer Praxisassistent EFZ, Medizinische Sekret\u00e4rin H+\/Arztsekret\u00e4rin","publisher":{"@id":"https:\/\/www.mpaschule.ch\/#organization"},"potentialAction":[{"@type":"SearchAction","target":{"@type":"EntryPoint","urlTemplate":"https:\/\/www.mpaschule.ch\/?s={search_term_string}"},"query-input":{"@type":"PropertyValueSpecification","valueRequired":true,"valueName":"search_term_string"}}],"inLanguage":"de"},{"@type":"Organization","@id":"https:\/\/www.mpaschule.ch\/#organization","name":"MPA Berufs- und Handelsschule Buchs","url":"https:\/\/www.mpaschule.ch\/","logo":{"@type":"ImageObject","inLanguage":"de","@id":"https:\/\/www.mpaschule.ch\/#\/schema\/logo\/image\/","url":"https:\/\/www.mpaschule.ch\/wp-content\/uploads\/2025\/12\/Logo_gross_WeissHintergrund.png","contentUrl":"https:\/\/www.mpaschule.ch\/wp-content\/uploads\/2025\/12\/Logo_gross_WeissHintergrund.png","width":1902,"height":2007,"caption":"MPA Berufs- und Handelsschule Buchs"},"image":{"@id":"https:\/\/www.mpaschule.ch\/#\/schema\/logo\/image\/"},"sameAs":["https:\/\/www.facebook.com\/people\/MPA-Berufs-und-Handelsschule\/61575351655872\/","https:\/\/www.instagram.com\/mpaschule\/","https:\/\/www.youtube.com\/@mpaschule-buchs"]}]}},"_links":{"self":[{"href":"https:\/\/www.mpaschule.ch\/index.php\/wp-json\/wp\/v2\/pages\/31","targetHints":{"allow":["GET"]}}],"collection":[{"href":"https:\/\/www.mpaschule.ch\/index.php\/wp-json\/wp\/v2\/pages"}],"about":[{"href":"https:\/\/www.mpaschule.ch\/index.php\/wp-json\/wp\/v2\/types\/page"}],"author":[{"embeddable":true,"href":"https:\/\/www.mpaschule.ch\/index.php\/wp-json\/wp\/v2\/users\/1"}],"replies":[{"embeddable":true,"href":"https:\/\/www.mpaschule.ch\/index.php\/wp-json\/wp\/v2\/comments?post=31"}],"version-history":[{"count":50,"href":"https:\/\/www.mpaschule.ch\/index.php\/wp-json\/wp\/v2\/pages\/31\/revisions"}],"predecessor-version":[{"id":10119,"href":"https:\/\/www.mpaschule.ch\/index.php\/wp-json\/wp\/v2\/pages\/31\/revisions\/10119"}],"wp:featuredmedia":[{"embeddable":true,"href":"https:\/\/www.mpaschule.ch\/index.php\/wp-json\/wp\/v2\/media\/1604"}],"wp:attachment":[{"href":"https:\/\/www.mpaschule.ch\/index.php\/wp-json\/wp\/v2\/media?parent=31"}],"curies":[{"name":"wp","href":"https:\/\/api.w.org\/{rel}","templated":true}]}}