{"id":21,"date":"2016-01-29T15:04:36","date_gmt":"2016-01-29T14:04:36","guid":{"rendered":"http:\/\/mpaschule.ch\/?page_id=21"},"modified":"2026-03-07T12:49:42","modified_gmt":"2026-03-07T11:49:42","slug":"handelsdiplom-vsh","status":"publish","type":"page","link":"https:\/\/www.mpaschule.ch\/index.php\/kaufmaennische-bildung\/handelsdiplom-vsh\/","title":{"rendered":"Handelsdiplom VSH"},"content":{"rendered":"<h3><span style=\"color: #000080;\">Der Lehrgang &#8218;Handelsdiplom VSH&#8216; folgt direkt nach Abschluss des &#8218;B\u00fcrofachdiploms VSH&#8216; und schliesst mit dem Erwerb des entsprechenden Diploms ab. Gute Fremdsprachenkenntnisse sind Voraussetzung.<\/span><\/h3>\n<h4>Durch die vertieften theoretischen Kenntnisse ist ein rasches Einarbeiten im Praktikumsbetrieb m\u00f6glich, so dass bereits nach kurzer Einarbeitungszeit interessante und anspruchsvolle Aufgaben \u00fcbernommen werden k\u00f6nnen. Dieser Lehrgang entspricht der theoretischen Ausbildung einer kaufm\u00e4nnischen Lehre und erm\u00f6glicht anspruchsvolle kaufm\u00e4nnische T\u00e4tigkeiten in Verwaltung und Wirtschaft sowie eine Fortsetzung der kaufm\u00e4nnischen Ausbildung in der MPA Berufs- und Handelsschule (<a href=\"https:\/\/www.mpaschule.ch\/index.php\/kaufmaennische-bildung\/kauffrau-kaufmann-efz-bivo-2023\/\">Kauffrau\/Kaufmann EFZ<\/a>).<\/h4>\n<hr \/>\n<h3><span style=\"color: #000080;\">Kaufm\u00e4nnische Vertiefung f\u00fcr anspruchsvolle Aufgaben in Wirtschaft und Verwaltung<\/span><\/h3>\n<h4>Das <strong>Handelsdiplom VHS<\/strong> vermittelt vertiefte kaufm\u00e4nnische Kompetenzen f\u00fcr anspruchsvolle T\u00e4tigkeiten im B\u00fcro-, Verwaltungs- und Unternehmensbereich. Aufbauend auf einer soliden kaufm\u00e4nnischen Grundausbildung erwerben die Teilnehmenden umfassende Kenntnisse in den zentralen Disziplinen der modernen B\u00fcro- und Wirtschaftswelt.<\/h4>\n<h4>Im Mittelpunkt der Ausbildung stehen praxisrelevante Inhalte aus Bereichen wie <strong>Betriebswirtschaft, Rechnungswesen, Wirtschaft, Korrespondenz, Informatik und Kommunikation<\/strong>. Ziel des Lehrgangs ist es, die Teilnehmenden darauf vorzubereiten, administrative und organisatorische Aufgaben in Unternehmen selbstst\u00e4ndig und verantwortungsvoll zu \u00fcbernehmen.<\/h4>\n<h4>Durch den praxisnahen Unterricht lernen die Teilnehmenden, kaufm\u00e4nnische Abl\u00e4ufe zu verstehen und aktiv mitzugestalten. Sie erstellen professionelle Gesch\u00e4ftskorrespondenz, bearbeiten administrative Prozesse, f\u00fchren einfache betriebswirtschaftliche Auswertungen durch und arbeiten sicher mit den g\u00e4ngigen digitalen B\u00fcro- und Kommunikationssystemen.<\/h4>\n<h4>Ein besonderer Schwerpunkt liegt auf der <strong>Anwendung der theoretischen Kenntnisse in realit\u00e4tsnahen Arbeitssituationen<\/strong>. Dadurch f\u00e4llt der Einstieg in den Praktikumsbetrieb besonders leicht, und bereits nach kurzer Zeit k\u00f6nnen eigenst\u00e4ndig anspruchsvollere Aufgaben \u00fcbernommen werden.<\/h4>\n<h4>Mit dem <strong>Handelsdiplom VHS<\/strong> er\u00f6ffnen sich vielf\u00e4ltige Einsatzm\u00f6glichkeiten in unterschiedlichen Branchen. Absolventinnen und Absolventen arbeiten beispielsweise in:<\/h4>\n<ul>\n<li>\n<h4><span style=\"color: #000080;\">Handels- und Dienstleistungsunternehmen<\/span><\/h4>\n<\/li>\n<li>\n<h4><span style=\"color: #000080;\">\u00f6ffentlichen Verwaltungen<\/span><\/h4>\n<\/li>\n<li>\n<h4><span style=\"color: #000080;\">Industrie- und Produktionsbetrieben<\/span><\/h4>\n<\/li>\n<li>\n<h4><span style=\"color: #000080;\">Treuhand- und Beratungsunternehmen<\/span><\/h4>\n<\/li>\n<li>\n<h4><span style=\"color: #000080;\">administrativen Abteilungen verschiedenster Organisationen<\/span><\/h4>\n<\/li>\n<\/ul>\n<h4>Dar\u00fcber hinaus bildet diese Ausbildung eine solide Grundlage f\u00fcr <strong>weiterf\u00fchrende kaufm\u00e4nnische Bildungswege<\/strong>. Sie erm\u00f6glicht beispielsweise den Einstieg in weiterf\u00fchrende Qualifikationen im kaufm\u00e4nnischen Bereich oder den \u00dcbergang in eine formale kaufm\u00e4nnische Grundbildung.<\/h4>\n<h4>Die Ausbildung richtet sich insbesondere an Personen, die ihre <strong>kaufm\u00e4nnischen Kenntnisse systematisch vertiefen<\/strong>, ihre beruflichen Perspektiven erweitern und sich gezielt auf verantwortungsvolle T\u00e4tigkeiten im administrativen und wirtschaftlichen Umfeld vorbereiten m\u00f6chten.<\/h4>\n<p><img loading=\"lazy\" decoding=\"async\" class=\"alignnone wp-image-544 \" src=\"http:\/\/mpaschule.ch\/wp-content\/uploads\/2016\/01\/franzoesisch_9-e1465543389859-1024x384.jpg\" alt=\"franzoesisch_9\" width=\"709\" height=\"266\" srcset=\"https:\/\/www.mpaschule.ch\/wp-content\/uploads\/2016\/01\/franzoesisch_9-e1465543389859-1024x384.jpg 1024w, https:\/\/www.mpaschule.ch\/wp-content\/uploads\/2016\/01\/franzoesisch_9-e1465543389859-300x112.jpg 300w, https:\/\/www.mpaschule.ch\/wp-content\/uploads\/2016\/01\/franzoesisch_9-e1465543389859-768x288.jpg 768w\" sizes=\"auto, (max-width: 709px) 100vw, 709px\" \/><\/p>\n<hr \/>\n<h3><span style=\"color: #000080;\">Ausbildungsmodus<\/span><\/h3>\n<h4><strong>Dauer:<\/strong> \u00bd Jahr Vollzeitausbildung<br \/>\n<strong>Abschluss:<\/strong> gesamtschweizerisch anerkanntes Handelsdiplom VSH (<a href=\"https:\/\/www.vsh.swiss\/vsh-business\/handelsdiplom\">Verband Schweizerischer Handelsschulen<\/a>)<br \/>\n<strong>Ausbildungsbeginn:<\/strong> Mitte August<\/h4>\n<hr \/>\n<h3><span style=\"color: #000080;\">Anmeldung<\/span><\/h3>\n<h4><a class=\"anmeldungm\" href=\"https:\/\/www.mpaschule.ch\/wp-content\/uploads\/2025\/08\/KB_Anmeldeformular.pdf\">Handelsdiplom VSH: Anmeldeformular zum Ausf\u00fcllen<\/a><\/h4>\n","protected":false},"excerpt":{"rendered":"<p>Der Lehrgang &#8218;Handelsdiplom VSH&#8216; folgt direkt nach Abschluss des &#8218;B\u00fcrofachdiploms VSH&#8216; und schliesst mit dem Erwerb des entsprechenden Diploms ab. Gute Fremdsprachenkenntnisse <a class=\"read-more\" href=\"https:\/\/www.mpaschule.ch\/index.php\/kaufmaennische-bildung\/handelsdiplom-vsh\/\">weiterlesen<\/a><\/p>\n","protected":false},"author":1,"featured_media":1456,"parent":17,"menu_order":20,"comment_status":"closed","ping_status":"closed","template":"TMP_KV.php","meta":{"_acf_changed":false,"footnotes":""},"class_list":["post-21","page","type-page","status-publish","has-post-thumbnail","hentry"],"acf":[],"yoast_head":"<!-- This site is optimized with the Yoast SEO plugin v27.3 - https:\/\/yoast.com\/product\/yoast-seo-wordpress\/ -->\r\n<title>Handelsdiplom VSH - MPA Berufs- und Handelsschule Buchs<\/title>\r\n<meta name=\"description\" content=\"Handelsdiplom VHS: Kaufm\u00e4nnische Ausbildung mit Vertiefung in BWL, Rechnungswesen, Korrespondenz und Informatik \u2013 ideale Vorbereitung f\u00fcr anspruchsvolle B\u00fcro- und Verwaltungst\u00e4tigkeiten.\" \/>\r\n<meta name=\"robots\" content=\"index, follow, max-snippet:-1, max-image-preview:large, max-video-preview:-1\" \/>\r\n<link rel=\"canonical\" href=\"https:\/\/www.mpaschule.ch\/index.php\/kaufmaennische-bildung\/handelsdiplom-vsh\/\" \/>\r\n<meta property=\"og:locale\" content=\"de_DE\" \/>\r\n<meta property=\"og:type\" content=\"article\" \/>\r\n<meta property=\"og:title\" content=\"Handelsdiplom VSH - MPA Berufs- und Handelsschule Buchs\" \/>\r\n<meta property=\"og:description\" content=\"Handelsdiplom VHS: Kaufm\u00e4nnische Ausbildung mit Vertiefung in BWL, Rechnungswesen, Korrespondenz und Informatik \u2013 ideale Vorbereitung f\u00fcr anspruchsvolle B\u00fcro- und Verwaltungst\u00e4tigkeiten.\" \/>\r\n<meta property=\"og:url\" content=\"https:\/\/www.mpaschule.ch\/index.php\/kaufmaennische-bildung\/handelsdiplom-vsh\/\" \/>\r\n<meta property=\"og:site_name\" content=\"MPA Berufs- und Handelsschule Buchs\" \/>\r\n<meta property=\"article:publisher\" content=\"https:\/\/www.facebook.com\/people\/MPA-Berufs-und-Handelsschule\/61575351655872\/\" \/>\r\n<meta property=\"article:modified_time\" content=\"2026-03-07T11:49:42+00:00\" \/>\r\n<meta property=\"og:image\" content=\"https:\/\/www.mpaschule.ch\/wp-content\/uploads\/2016\/01\/MPA_06_16_1530.jpg\" \/>\r\n\t<meta property=\"og:image:width\" content=\"2391\" \/>\r\n\t<meta property=\"og:image:height\" content=\"875\" \/>\r\n\t<meta property=\"og:image:type\" content=\"image\/jpeg\" \/>\r\n<meta name=\"twitter:card\" content=\"summary_large_image\" \/>\r\n<meta name=\"twitter:label1\" content=\"Gesch\u00e4tzte Lesezeit\" \/>\n\t<meta name=\"twitter:data1\" content=\"3\u00a0Minuten\" \/>\r\n<script type=\"application\/ld+json\" class=\"yoast-schema-graph\">{\"@context\":\"https:\\\/\\\/schema.org\",\"@graph\":[{\"@type\":\"WebPage\",\"@id\":\"https:\\\/\\\/www.mpaschule.ch\\\/index.php\\\/kaufmaennische-bildung\\\/handelsdiplom-vsh\\\/\",\"url\":\"https:\\\/\\\/www.mpaschule.ch\\\/index.php\\\/kaufmaennische-bildung\\\/handelsdiplom-vsh\\\/\",\"name\":\"Handelsdiplom VSH - MPA Berufs- und Handelsschule Buchs\",\"isPartOf\":{\"@id\":\"https:\\\/\\\/www.mpaschule.ch\\\/#website\"},\"primaryImageOfPage\":{\"@id\":\"https:\\\/\\\/www.mpaschule.ch\\\/index.php\\\/kaufmaennische-bildung\\\/handelsdiplom-vsh\\\/#primaryimage\"},\"image\":{\"@id\":\"https:\\\/\\\/www.mpaschule.ch\\\/index.php\\\/kaufmaennische-bildung\\\/handelsdiplom-vsh\\\/#primaryimage\"},\"thumbnailUrl\":\"https:\\\/\\\/www.mpaschule.ch\\\/wp-content\\\/uploads\\\/2016\\\/01\\\/MPA_06_16_1530.jpg\",\"datePublished\":\"2016-01-29T14:04:36+00:00\",\"dateModified\":\"2026-03-07T11:49:42+00:00\",\"description\":\"Handelsdiplom VHS: Kaufm\u00e4nnische Ausbildung mit Vertiefung in BWL, Rechnungswesen, Korrespondenz und Informatik \u2013 ideale Vorbereitung f\u00fcr anspruchsvolle B\u00fcro- und Verwaltungst\u00e4tigkeiten.\",\"breadcrumb\":{\"@id\":\"https:\\\/\\\/www.mpaschule.ch\\\/index.php\\\/kaufmaennische-bildung\\\/handelsdiplom-vsh\\\/#breadcrumb\"},\"inLanguage\":\"de\",\"potentialAction\":[{\"@type\":\"ReadAction\",\"target\":[\"https:\\\/\\\/www.mpaschule.ch\\\/index.php\\\/kaufmaennische-bildung\\\/handelsdiplom-vsh\\\/\"]}]},{\"@type\":\"ImageObject\",\"inLanguage\":\"de\",\"@id\":\"https:\\\/\\\/www.mpaschule.ch\\\/index.php\\\/kaufmaennische-bildung\\\/handelsdiplom-vsh\\\/#primaryimage\",\"url\":\"https:\\\/\\\/www.mpaschule.ch\\\/wp-content\\\/uploads\\\/2016\\\/01\\\/MPA_06_16_1530.jpg\",\"contentUrl\":\"https:\\\/\\\/www.mpaschule.ch\\\/wp-content\\\/uploads\\\/2016\\\/01\\\/MPA_06_16_1530.jpg\",\"width\":2391,\"height\":875,\"caption\":\"Handelsdiplom VSH\"},{\"@type\":\"BreadcrumbList\",\"@id\":\"https:\\\/\\\/www.mpaschule.ch\\\/index.php\\\/kaufmaennische-bildung\\\/handelsdiplom-vsh\\\/#breadcrumb\",\"itemListElement\":[{\"@type\":\"ListItem\",\"position\":1,\"name\":\"Start\",\"item\":\"https:\\\/\\\/www.mpaschule.ch\\\/\"},{\"@type\":\"ListItem\",\"position\":2,\"name\":\"KV Ausbildung\",\"item\":\"https:\\\/\\\/www.mpaschule.ch\\\/index.php\\\/kaufmaennische-bildung\\\/\"},{\"@type\":\"ListItem\",\"position\":3,\"name\":\"Handelsdiplom VSH\"}]},{\"@type\":\"WebSite\",\"@id\":\"https:\\\/\\\/www.mpaschule.ch\\\/#website\",\"url\":\"https:\\\/\\\/www.mpaschule.ch\\\/\",\"name\":\"MPA Berufs- und Handelsschule Buchs\",\"description\":\"MPA EFZ, KV EFZ, MPK klinische Richtung, MPK praxisleitende Richtung, Handelsdiplom VSH, B\u00fcrofachdiplom VSH, Medizinische Praxisassistentin\\\/Medizinischer Praxisassistent EFZ, Medizinische Sekret\u00e4rin H+\\\/Arztsekret\u00e4rin\",\"publisher\":{\"@id\":\"https:\\\/\\\/www.mpaschule.ch\\\/#organization\"},\"potentialAction\":[{\"@type\":\"SearchAction\",\"target\":{\"@type\":\"EntryPoint\",\"urlTemplate\":\"https:\\\/\\\/www.mpaschule.ch\\\/?s={search_term_string}\"},\"query-input\":{\"@type\":\"PropertyValueSpecification\",\"valueRequired\":true,\"valueName\":\"search_term_string\"}}],\"inLanguage\":\"de\"},{\"@type\":\"Organization\",\"@id\":\"https:\\\/\\\/www.mpaschule.ch\\\/#organization\",\"name\":\"MPA Berufs- und Handelsschule Buchs\",\"url\":\"https:\\\/\\\/www.mpaschule.ch\\\/\",\"logo\":{\"@type\":\"ImageObject\",\"inLanguage\":\"de\",\"@id\":\"https:\\\/\\\/www.mpaschule.ch\\\/#\\\/schema\\\/logo\\\/image\\\/\",\"url\":\"https:\\\/\\\/www.mpaschule.ch\\\/wp-content\\\/uploads\\\/2025\\\/12\\\/Logo_gross_WeissHintergrund.png\",\"contentUrl\":\"https:\\\/\\\/www.mpaschule.ch\\\/wp-content\\\/uploads\\\/2025\\\/12\\\/Logo_gross_WeissHintergrund.png\",\"width\":1902,\"height\":2007,\"caption\":\"MPA Berufs- und Handelsschule Buchs\"},\"image\":{\"@id\":\"https:\\\/\\\/www.mpaschule.ch\\\/#\\\/schema\\\/logo\\\/image\\\/\"},\"sameAs\":[\"https:\\\/\\\/www.facebook.com\\\/people\\\/MPA-Berufs-und-Handelsschule\\\/61575351655872\\\/\",\"https:\\\/\\\/www.instagram.com\\\/mpaschule\\\/\",\"https:\\\/\\\/www.youtube.com\\\/@mpaschule-buchs\"]}]}<\/script>\r\n<!-- \/ Yoast SEO plugin. -->","yoast_head_json":{"title":"Handelsdiplom VSH - MPA Berufs- und Handelsschule Buchs","description":"Handelsdiplom VHS: Kaufm\u00e4nnische Ausbildung mit Vertiefung in BWL, Rechnungswesen, Korrespondenz und Informatik \u2013 ideale Vorbereitung f\u00fcr anspruchsvolle B\u00fcro- und Verwaltungst\u00e4tigkeiten.","robots":{"index":"index","follow":"follow","max-snippet":"max-snippet:-1","max-image-preview":"max-image-preview:large","max-video-preview":"max-video-preview:-1"},"canonical":"https:\/\/www.mpaschule.ch\/index.php\/kaufmaennische-bildung\/handelsdiplom-vsh\/","og_locale":"de_DE","og_type":"article","og_title":"Handelsdiplom VSH - MPA Berufs- und Handelsschule Buchs","og_description":"Handelsdiplom VHS: Kaufm\u00e4nnische Ausbildung mit Vertiefung in BWL, Rechnungswesen, Korrespondenz und Informatik \u2013 ideale Vorbereitung f\u00fcr anspruchsvolle B\u00fcro- und Verwaltungst\u00e4tigkeiten.","og_url":"https:\/\/www.mpaschule.ch\/index.php\/kaufmaennische-bildung\/handelsdiplom-vsh\/","og_site_name":"MPA Berufs- und Handelsschule Buchs","article_publisher":"https:\/\/www.facebook.com\/people\/MPA-Berufs-und-Handelsschule\/61575351655872\/","article_modified_time":"2026-03-07T11:49:42+00:00","og_image":[{"width":2391,"height":875,"url":"https:\/\/www.mpaschule.ch\/wp-content\/uploads\/2016\/01\/MPA_06_16_1530.jpg","type":"image\/jpeg"}],"twitter_card":"summary_large_image","twitter_misc":{"Gesch\u00e4tzte Lesezeit":"3\u00a0Minuten"},"schema":{"@context":"https:\/\/schema.org","@graph":[{"@type":"WebPage","@id":"https:\/\/www.mpaschule.ch\/index.php\/kaufmaennische-bildung\/handelsdiplom-vsh\/","url":"https:\/\/www.mpaschule.ch\/index.php\/kaufmaennische-bildung\/handelsdiplom-vsh\/","name":"Handelsdiplom VSH - MPA Berufs- und Handelsschule Buchs","isPartOf":{"@id":"https:\/\/www.mpaschule.ch\/#website"},"primaryImageOfPage":{"@id":"https:\/\/www.mpaschule.ch\/index.php\/kaufmaennische-bildung\/handelsdiplom-vsh\/#primaryimage"},"image":{"@id":"https:\/\/www.mpaschule.ch\/index.php\/kaufmaennische-bildung\/handelsdiplom-vsh\/#primaryimage"},"thumbnailUrl":"https:\/\/www.mpaschule.ch\/wp-content\/uploads\/2016\/01\/MPA_06_16_1530.jpg","datePublished":"2016-01-29T14:04:36+00:00","dateModified":"2026-03-07T11:49:42+00:00","description":"Handelsdiplom VHS: Kaufm\u00e4nnische Ausbildung mit Vertiefung in BWL, Rechnungswesen, Korrespondenz und Informatik \u2013 ideale Vorbereitung f\u00fcr anspruchsvolle B\u00fcro- und Verwaltungst\u00e4tigkeiten.","breadcrumb":{"@id":"https:\/\/www.mpaschule.ch\/index.php\/kaufmaennische-bildung\/handelsdiplom-vsh\/#breadcrumb"},"inLanguage":"de","potentialAction":[{"@type":"ReadAction","target":["https:\/\/www.mpaschule.ch\/index.php\/kaufmaennische-bildung\/handelsdiplom-vsh\/"]}]},{"@type":"ImageObject","inLanguage":"de","@id":"https:\/\/www.mpaschule.ch\/index.php\/kaufmaennische-bildung\/handelsdiplom-vsh\/#primaryimage","url":"https:\/\/www.mpaschule.ch\/wp-content\/uploads\/2016\/01\/MPA_06_16_1530.jpg","contentUrl":"https:\/\/www.mpaschule.ch\/wp-content\/uploads\/2016\/01\/MPA_06_16_1530.jpg","width":2391,"height":875,"caption":"Handelsdiplom VSH"},{"@type":"BreadcrumbList","@id":"https:\/\/www.mpaschule.ch\/index.php\/kaufmaennische-bildung\/handelsdiplom-vsh\/#breadcrumb","itemListElement":[{"@type":"ListItem","position":1,"name":"Start","item":"https:\/\/www.mpaschule.ch\/"},{"@type":"ListItem","position":2,"name":"KV Ausbildung","item":"https:\/\/www.mpaschule.ch\/index.php\/kaufmaennische-bildung\/"},{"@type":"ListItem","position":3,"name":"Handelsdiplom VSH"}]},{"@type":"WebSite","@id":"https:\/\/www.mpaschule.ch\/#website","url":"https:\/\/www.mpaschule.ch\/","name":"MPA Berufs- und Handelsschule Buchs","description":"MPA EFZ, KV EFZ, MPK klinische Richtung, MPK praxisleitende Richtung, Handelsdiplom VSH, B\u00fcrofachdiplom VSH, Medizinische Praxisassistentin\/Medizinischer Praxisassistent EFZ, Medizinische Sekret\u00e4rin H+\/Arztsekret\u00e4rin","publisher":{"@id":"https:\/\/www.mpaschule.ch\/#organization"},"potentialAction":[{"@type":"SearchAction","target":{"@type":"EntryPoint","urlTemplate":"https:\/\/www.mpaschule.ch\/?s={search_term_string}"},"query-input":{"@type":"PropertyValueSpecification","valueRequired":true,"valueName":"search_term_string"}}],"inLanguage":"de"},{"@type":"Organization","@id":"https:\/\/www.mpaschule.ch\/#organization","name":"MPA Berufs- und Handelsschule Buchs","url":"https:\/\/www.mpaschule.ch\/","logo":{"@type":"ImageObject","inLanguage":"de","@id":"https:\/\/www.mpaschule.ch\/#\/schema\/logo\/image\/","url":"https:\/\/www.mpaschule.ch\/wp-content\/uploads\/2025\/12\/Logo_gross_WeissHintergrund.png","contentUrl":"https:\/\/www.mpaschule.ch\/wp-content\/uploads\/2025\/12\/Logo_gross_WeissHintergrund.png","width":1902,"height":2007,"caption":"MPA Berufs- und Handelsschule Buchs"},"image":{"@id":"https:\/\/www.mpaschule.ch\/#\/schema\/logo\/image\/"},"sameAs":["https:\/\/www.facebook.com\/people\/MPA-Berufs-und-Handelsschule\/61575351655872\/","https:\/\/www.instagram.com\/mpaschule\/","https:\/\/www.youtube.com\/@mpaschule-buchs"]}]}},"_links":{"self":[{"href":"https:\/\/www.mpaschule.ch\/index.php\/wp-json\/wp\/v2\/pages\/21","targetHints":{"allow":["GET"]}}],"collection":[{"href":"https:\/\/www.mpaschule.ch\/index.php\/wp-json\/wp\/v2\/pages"}],"about":[{"href":"https:\/\/www.mpaschule.ch\/index.php\/wp-json\/wp\/v2\/types\/page"}],"author":[{"embeddable":true,"href":"https:\/\/www.mpaschule.ch\/index.php\/wp-json\/wp\/v2\/users\/1"}],"replies":[{"embeddable":true,"href":"https:\/\/www.mpaschule.ch\/index.php\/wp-json\/wp\/v2\/comments?post=21"}],"version-history":[{"count":74,"href":"https:\/\/www.mpaschule.ch\/index.php\/wp-json\/wp\/v2\/pages\/21\/revisions"}],"predecessor-version":[{"id":10197,"href":"https:\/\/www.mpaschule.ch\/index.php\/wp-json\/wp\/v2\/pages\/21\/revisions\/10197"}],"up":[{"embeddable":true,"href":"https:\/\/www.mpaschule.ch\/index.php\/wp-json\/wp\/v2\/pages\/17"}],"wp:featuredmedia":[{"embeddable":true,"href":"https:\/\/www.mpaschule.ch\/index.php\/wp-json\/wp\/v2\/media\/1456"}],"wp:attachment":[{"href":"https:\/\/www.mpaschule.ch\/index.php\/wp-json\/wp\/v2\/media?parent=21"}],"curies":[{"name":"wp","href":"https:\/\/api.w.org\/{rel}","templated":true}]}}