{"id":11,"date":"2016-01-29T15:00:04","date_gmt":"2016-01-29T14:00:04","guid":{"rendered":"http:\/\/mpaschule.ch\/?page_id=11"},"modified":"2026-01-09T10:53:38","modified_gmt":"2026-01-09T09:53:38","slug":"medizinische-sekretaerin-h-arztsekretaerin","status":"publish","type":"page","link":"https:\/\/www.mpaschule.ch\/index.php\/medizinische-bildung\/medizinische-sekretaerin-h-arztsekretaerin\/","title":{"rendered":"Medizinische\/r Sekret\u00e4r\/in H+ \/ Arztsekret\u00e4r\/in"},"content":{"rendered":"<h3><span style=\"color: #800000;\">Der Weiterbildungslehrgang &#8222;Medizinische\/r Sekret\u00e4r\/in H+ \/ Arztsekret\u00e4r\/in&#8220; ist eine anerkannte Zusatzausbildung f\u00fcr all jene, die aufgrund ihrer Prim\u00e4rausbildung oder ihrer ersten Berufserfahrung \u00fcber kaufm\u00e4nnische oder paramedizinische Kenntnisse verf\u00fcgen, erg\u00e4nzt durch vertieftes Wissen in der Organisation des Gesundheitswesens und des Betriebes von Krankenh\u00e4usern.<\/span><\/h3>\n<h3><span style=\"color: #000080;\"><a style=\"color: #000080;\" href=\"https:\/\/forms.cloud.microsoft\/Pages\/ResponsePage.aspx?id=F5XseTvV9Ua1qnERnOEwG6P6GLZil1NHvNpZ-6h50nFUMlZBV0JUR1NKOUQ1TjVJWktDUkVPQzhFRi4u\">Melden Sie sich hier zum unverbindlichen Infogespr\u00e4ch an!<\/a><\/span><\/h3>\n<h4>Sie f\u00fchren die administrativen Arbeiten in einer Praxis-, einem Spitalsekretariat oder in einem Sekretariat der Pharmaindustrie, der Versicherungs- und Krankenkassenbranche effizient und kompetent aus.<\/h4>\n<h3><span style=\"color: #800000;\">Die Aufgaben eines\/einer Medizinische\/r Sekret\u00e4r\/in H+ &#8211; Arztsekret\u00e4r\/in sind vielf\u00e4ltig:<\/span><\/h3>\n<ul>\n<li>\n<h4>Empfang von Patienten, Aufnehmen der Personalien, Erstellen und Verwalten der Krankengeschichten<\/h4>\n<\/li>\n<li>\n<h4>Organisation von Sprechstunden<\/h4>\n<\/li>\n<li>\n<h4>Erstellen medizinischer Berichte und Gutachten nach Anweisungen des Arztes oder nach Diktat<\/h4>\n<\/li>\n<li>\n<h4>Ausf\u00fchren des Zahlungsverkehrs und Buchhaltungsvorg\u00e4nge<\/h4>\n<\/li>\n<li>\n<h4>Erstellen der Abrechnungen nach Tarmed \/ Tardoc<\/h4>\n<\/li>\n<\/ul>\n<hr \/>\n<h3><span style=\"color: #800000;\">Ausbildungsmodus Medizinische\/r Sekret\u00e4r\/in H+ &#8211; Arztsekret\u00e4r\/in:<\/span><\/h3>\n<ul>\n<li>\n<h4>1 Jahr berufsbegleitend<\/h4>\n<\/li>\n<li>\n<h4>Dienstag- und Donnerstagabend von 19.00 &#8211; 22.00 Uhr<\/h4>\n<\/li>\n<li>\n<h4>intensive theoretische Aus- und Weiterbildung in medizinischen und administrativen F\u00e4chern<\/h4>\n<\/li>\n<li>\n<h4>unter Aufsicht und nach den Richtlinien der Organisation H+ (Die Spit\u00e4ler der Schweiz)<\/h4>\n<\/li>\n<li>\n<h4>Abschluss: Diplom Medizinische Sekret\u00e4rin H+\/Diplom Medizinischer Sekret\u00e4r H+ (Voraussetzung Handelsdiplom VSH oder EFZ Kauffrau\/Kaufmann)<\/h4>\n<\/li>\n<li>\n<h4>Abschluss: Diplom Arztsekret\u00e4rin\/Diplom Arztsekret\u00e4r der <span class=\"MPA\">MPA<\/span><span class=\"BERUFS-_UND_HANDELSSCHULE\"> Berufs- und Handelsschule<\/span> (Allgemeine kaufm\u00e4nnische oder paramedizinische Vorbildung)<\/h4>\n<\/li>\n<\/ul>\n<h4><img loading=\"lazy\" decoding=\"async\" class=\"alignnone wp-image-3390 size-large\" src=\"https:\/\/www.mpaschule.ch\/wp-content\/uploads\/2016\/06\/juli16_9756neu-1024x256.jpg\" alt=\"Medizinische\/r Sekret\u00e4r\/in H+ - Arztsekret\u00e4r\/in\" width=\"640\" height=\"160\" srcset=\"https:\/\/www.mpaschule.ch\/wp-content\/uploads\/2016\/06\/juli16_9756neu-1024x256.jpg 1024w, https:\/\/www.mpaschule.ch\/wp-content\/uploads\/2016\/06\/juli16_9756neu-300x75.jpg 300w, https:\/\/www.mpaschule.ch\/wp-content\/uploads\/2016\/06\/juli16_9756neu-768x192.jpg 768w\" sizes=\"auto, (max-width: 640px) 100vw, 640px\" \/><\/h4>\n<p>&nbsp;<\/p>\n<hr \/>\n<h3><span style=\"color: #800000;\">Ausbildungsbeginn:<\/span><\/h3>\n<h4>Sommer 2026<\/h4>\n<hr \/>\n<h3><span style=\"color: #800000;\">Anmeldung:<\/span><\/h3>\n<h4><a class=\"anmeldungm\" href=\"https:\/\/www.mpaschule.ch\/wp-content\/uploads\/2025\/08\/AS_MS_Anmeldeformular-1.pdf\">Med. Sekret\u00e4r\/in H+ \/ Arztsekret\u00e4r\/in: Anmeldeformular zum Ausf\u00fcllen<\/a><\/h4>\n<hr \/>\n<h3><span style=\"color: #800000;\">Individuelles, unverbindliches Infogespr\u00e4ch:<\/span><\/h3>\n<h4><a class=\"anmeldungm\" href=\"https:\/\/forms.cloud.microsoft\/Pages\/ResponsePage.aspx?id=F5XseTvV9Ua1qnERnOEwG6P6GLZil1NHvNpZ-6h50nFUMlZBV0JUR1NKOUQ1TjVJWktDUkVPQzhFRi4u\">Online-Formular f\u00fcr weitere Infos und\/oder Anmeldung unverbindliches Infogespr\u00e4ch<\/a><\/h4>\n","protected":false},"excerpt":{"rendered":"<p>Der Weiterbildungslehrgang &#8222;Medizinische\/r Sekret\u00e4r\/in H+ \/ Arztsekret\u00e4r\/in&#8220; ist eine anerkannte Zusatzausbildung f\u00fcr all jene, die aufgrund ihrer Prim\u00e4rausbildung oder ihrer ersten Berufserfahrung <a class=\"read-more\" href=\"https:\/\/www.mpaschule.ch\/index.php\/medizinische-bildung\/medizinische-sekretaerin-h-arztsekretaerin\/\">weiterlesen<\/a><\/p>\n","protected":false},"author":1,"featured_media":3867,"parent":7,"menu_order":22,"comment_status":"closed","ping_status":"closed","template":"TMP_MED.php","meta":{"_acf_changed":false,"footnotes":""},"class_list":["post-11","page","type-page","status-publish","has-post-thumbnail","hentry"],"acf":[],"yoast_head":"<!-- This site is optimized with the Yoast SEO plugin v27.3 - https:\/\/yoast.com\/product\/yoast-seo-wordpress\/ -->\r\n<title>Medizinische\/r Sekret\u00e4r\/in H+ \/ Arztsekret\u00e4r\/in - MPA Berufs- und Handelsschule Buchs<\/title>\r\n<meta name=\"description\" content=\"Der Lehrgang &quot;Medizinische\/r Sekret\u00e4r\/in H+ - Arztsekret\u00e4r\/in&quot; ist eine anerkannte Zusatzausbildung in Arztpraxen oder Spit\u00e4lern\" \/>\r\n<meta name=\"robots\" content=\"index, follow, max-snippet:-1, max-image-preview:large, max-video-preview:-1\" \/>\r\n<link rel=\"canonical\" href=\"https:\/\/www.mpaschule.ch\/index.php\/medizinische-bildung\/medizinische-sekretaerin-h-arztsekretaerin\/\" \/>\r\n<meta property=\"og:locale\" content=\"de_DE\" \/>\r\n<meta property=\"og:type\" content=\"article\" \/>\r\n<meta property=\"og:title\" content=\"Medizinische\/r Sekret\u00e4r\/in H+ \/ Arztsekret\u00e4r\/in - MPA Berufs- und Handelsschule Buchs\" \/>\r\n<meta property=\"og:description\" content=\"Der Lehrgang &quot;Medizinische\/r Sekret\u00e4r\/in H+ - Arztsekret\u00e4r\/in&quot; ist eine anerkannte Zusatzausbildung in Arztpraxen oder Spit\u00e4lern\" \/>\r\n<meta property=\"og:url\" content=\"https:\/\/www.mpaschule.ch\/index.php\/medizinische-bildung\/medizinische-sekretaerin-h-arztsekretaerin\/\" \/>\r\n<meta property=\"og:site_name\" content=\"MPA Berufs- und Handelsschule Buchs\" \/>\r\n<meta property=\"article:publisher\" content=\"https:\/\/www.facebook.com\/people\/MPA-Berufs-und-Handelsschule\/61575351655872\/\" \/>\r\n<meta property=\"article:modified_time\" content=\"2026-01-09T09:53:38+00:00\" \/>\r\n<meta property=\"og:image\" content=\"https:\/\/www.mpaschule.ch\/wp-content\/uploads\/2016\/01\/iStock-530984414_quer3-e1489672289687.jpg\" \/>\r\n\t<meta property=\"og:image:width\" content=\"1000\" \/>\r\n\t<meta property=\"og:image:height\" content=\"332\" \/>\r\n\t<meta property=\"og:image:type\" content=\"image\/jpeg\" \/>\r\n<meta name=\"twitter:card\" content=\"summary_large_image\" \/>\r\n<meta name=\"twitter:label1\" content=\"Gesch\u00e4tzte Lesezeit\" \/>\n\t<meta name=\"twitter:data1\" content=\"2\u00a0Minuten\" \/>\r\n<script type=\"application\/ld+json\" class=\"yoast-schema-graph\">{\"@context\":\"https:\\\/\\\/schema.org\",\"@graph\":[{\"@type\":\"WebPage\",\"@id\":\"https:\\\/\\\/www.mpaschule.ch\\\/index.php\\\/medizinische-bildung\\\/medizinische-sekretaerin-h-arztsekretaerin\\\/\",\"url\":\"https:\\\/\\\/www.mpaschule.ch\\\/index.php\\\/medizinische-bildung\\\/medizinische-sekretaerin-h-arztsekretaerin\\\/\",\"name\":\"Medizinische\\\/r Sekret\u00e4r\\\/in H+ \\\/ Arztsekret\u00e4r\\\/in - MPA Berufs- und Handelsschule Buchs\",\"isPartOf\":{\"@id\":\"https:\\\/\\\/www.mpaschule.ch\\\/#website\"},\"primaryImageOfPage\":{\"@id\":\"https:\\\/\\\/www.mpaschule.ch\\\/index.php\\\/medizinische-bildung\\\/medizinische-sekretaerin-h-arztsekretaerin\\\/#primaryimage\"},\"image\":{\"@id\":\"https:\\\/\\\/www.mpaschule.ch\\\/index.php\\\/medizinische-bildung\\\/medizinische-sekretaerin-h-arztsekretaerin\\\/#primaryimage\"},\"thumbnailUrl\":\"https:\\\/\\\/www.mpaschule.ch\\\/wp-content\\\/uploads\\\/2016\\\/01\\\/iStock-530984414_quer3-e1489672289687.jpg\",\"datePublished\":\"2016-01-29T14:00:04+00:00\",\"dateModified\":\"2026-01-09T09:53:38+00:00\",\"description\":\"Der Lehrgang \\\"Medizinische\\\/r Sekret\u00e4r\\\/in H+ - Arztsekret\u00e4r\\\/in\\\" ist eine anerkannte Zusatzausbildung in Arztpraxen oder Spit\u00e4lern\",\"breadcrumb\":{\"@id\":\"https:\\\/\\\/www.mpaschule.ch\\\/index.php\\\/medizinische-bildung\\\/medizinische-sekretaerin-h-arztsekretaerin\\\/#breadcrumb\"},\"inLanguage\":\"de\",\"potentialAction\":[{\"@type\":\"ReadAction\",\"target\":[\"https:\\\/\\\/www.mpaschule.ch\\\/index.php\\\/medizinische-bildung\\\/medizinische-sekretaerin-h-arztsekretaerin\\\/\"]}]},{\"@type\":\"ImageObject\",\"inLanguage\":\"de\",\"@id\":\"https:\\\/\\\/www.mpaschule.ch\\\/index.php\\\/medizinische-bildung\\\/medizinische-sekretaerin-h-arztsekretaerin\\\/#primaryimage\",\"url\":\"https:\\\/\\\/www.mpaschule.ch\\\/wp-content\\\/uploads\\\/2016\\\/01\\\/iStock-530984414_quer3-e1489672289687.jpg\",\"contentUrl\":\"https:\\\/\\\/www.mpaschule.ch\\\/wp-content\\\/uploads\\\/2016\\\/01\\\/iStock-530984414_quer3-e1489672289687.jpg\",\"width\":1000,\"height\":332,\"caption\":\"530984414\"},{\"@type\":\"BreadcrumbList\",\"@id\":\"https:\\\/\\\/www.mpaschule.ch\\\/index.php\\\/medizinische-bildung\\\/medizinische-sekretaerin-h-arztsekretaerin\\\/#breadcrumb\",\"itemListElement\":[{\"@type\":\"ListItem\",\"position\":1,\"name\":\"Start\",\"item\":\"https:\\\/\\\/www.mpaschule.ch\\\/\"},{\"@type\":\"ListItem\",\"position\":2,\"name\":\"Medizinische Bildung\",\"item\":\"https:\\\/\\\/www.mpaschule.ch\\\/index.php\\\/medizinische-bildung\\\/\"},{\"@type\":\"ListItem\",\"position\":3,\"name\":\"Medizinische\\\/r Sekret\u00e4r\\\/in H+ \\\/ Arztsekret\u00e4r\\\/in\"}]},{\"@type\":\"WebSite\",\"@id\":\"https:\\\/\\\/www.mpaschule.ch\\\/#website\",\"url\":\"https:\\\/\\\/www.mpaschule.ch\\\/\",\"name\":\"MPA Berufs- und Handelsschule Buchs\",\"description\":\"MPA EFZ, KV EFZ, MPK klinische Richtung, MPK praxisleitende Richtung, Handelsdiplom VSH, B\u00fcrofachdiplom VSH, Medizinische Praxisassistentin\\\/Medizinischer Praxisassistent EFZ, Medizinische Sekret\u00e4rin H+\\\/Arztsekret\u00e4rin\",\"publisher\":{\"@id\":\"https:\\\/\\\/www.mpaschule.ch\\\/#organization\"},\"potentialAction\":[{\"@type\":\"SearchAction\",\"target\":{\"@type\":\"EntryPoint\",\"urlTemplate\":\"https:\\\/\\\/www.mpaschule.ch\\\/?s={search_term_string}\"},\"query-input\":{\"@type\":\"PropertyValueSpecification\",\"valueRequired\":true,\"valueName\":\"search_term_string\"}}],\"inLanguage\":\"de\"},{\"@type\":\"Organization\",\"@id\":\"https:\\\/\\\/www.mpaschule.ch\\\/#organization\",\"name\":\"MPA Berufs- und Handelsschule Buchs\",\"url\":\"https:\\\/\\\/www.mpaschule.ch\\\/\",\"logo\":{\"@type\":\"ImageObject\",\"inLanguage\":\"de\",\"@id\":\"https:\\\/\\\/www.mpaschule.ch\\\/#\\\/schema\\\/logo\\\/image\\\/\",\"url\":\"https:\\\/\\\/www.mpaschule.ch\\\/wp-content\\\/uploads\\\/2025\\\/12\\\/Logo_gross_WeissHintergrund.png\",\"contentUrl\":\"https:\\\/\\\/www.mpaschule.ch\\\/wp-content\\\/uploads\\\/2025\\\/12\\\/Logo_gross_WeissHintergrund.png\",\"width\":1902,\"height\":2007,\"caption\":\"MPA Berufs- und Handelsschule Buchs\"},\"image\":{\"@id\":\"https:\\\/\\\/www.mpaschule.ch\\\/#\\\/schema\\\/logo\\\/image\\\/\"},\"sameAs\":[\"https:\\\/\\\/www.facebook.com\\\/people\\\/MPA-Berufs-und-Handelsschule\\\/61575351655872\\\/\",\"https:\\\/\\\/www.instagram.com\\\/mpaschule\\\/\",\"https:\\\/\\\/www.youtube.com\\\/@mpaschule-buchs\"]}]}<\/script>\r\n<!-- \/ Yoast SEO plugin. -->","yoast_head_json":{"title":"Medizinische\/r Sekret\u00e4r\/in H+ \/ Arztsekret\u00e4r\/in - MPA Berufs- und Handelsschule Buchs","description":"Der Lehrgang \"Medizinische\/r Sekret\u00e4r\/in H+ - Arztsekret\u00e4r\/in\" ist eine anerkannte Zusatzausbildung in Arztpraxen oder Spit\u00e4lern","robots":{"index":"index","follow":"follow","max-snippet":"max-snippet:-1","max-image-preview":"max-image-preview:large","max-video-preview":"max-video-preview:-1"},"canonical":"https:\/\/www.mpaschule.ch\/index.php\/medizinische-bildung\/medizinische-sekretaerin-h-arztsekretaerin\/","og_locale":"de_DE","og_type":"article","og_title":"Medizinische\/r Sekret\u00e4r\/in H+ \/ Arztsekret\u00e4r\/in - MPA Berufs- und Handelsschule Buchs","og_description":"Der Lehrgang \"Medizinische\/r Sekret\u00e4r\/in H+ - Arztsekret\u00e4r\/in\" ist eine anerkannte Zusatzausbildung in Arztpraxen oder Spit\u00e4lern","og_url":"https:\/\/www.mpaschule.ch\/index.php\/medizinische-bildung\/medizinische-sekretaerin-h-arztsekretaerin\/","og_site_name":"MPA Berufs- und Handelsschule Buchs","article_publisher":"https:\/\/www.facebook.com\/people\/MPA-Berufs-und-Handelsschule\/61575351655872\/","article_modified_time":"2026-01-09T09:53:38+00:00","og_image":[{"width":1000,"height":332,"url":"https:\/\/www.mpaschule.ch\/wp-content\/uploads\/2016\/01\/iStock-530984414_quer3-e1489672289687.jpg","type":"image\/jpeg"}],"twitter_card":"summary_large_image","twitter_misc":{"Gesch\u00e4tzte Lesezeit":"2\u00a0Minuten"},"schema":{"@context":"https:\/\/schema.org","@graph":[{"@type":"WebPage","@id":"https:\/\/www.mpaschule.ch\/index.php\/medizinische-bildung\/medizinische-sekretaerin-h-arztsekretaerin\/","url":"https:\/\/www.mpaschule.ch\/index.php\/medizinische-bildung\/medizinische-sekretaerin-h-arztsekretaerin\/","name":"Medizinische\/r Sekret\u00e4r\/in H+ \/ Arztsekret\u00e4r\/in - MPA Berufs- und Handelsschule Buchs","isPartOf":{"@id":"https:\/\/www.mpaschule.ch\/#website"},"primaryImageOfPage":{"@id":"https:\/\/www.mpaschule.ch\/index.php\/medizinische-bildung\/medizinische-sekretaerin-h-arztsekretaerin\/#primaryimage"},"image":{"@id":"https:\/\/www.mpaschule.ch\/index.php\/medizinische-bildung\/medizinische-sekretaerin-h-arztsekretaerin\/#primaryimage"},"thumbnailUrl":"https:\/\/www.mpaschule.ch\/wp-content\/uploads\/2016\/01\/iStock-530984414_quer3-e1489672289687.jpg","datePublished":"2016-01-29T14:00:04+00:00","dateModified":"2026-01-09T09:53:38+00:00","description":"Der Lehrgang \"Medizinische\/r Sekret\u00e4r\/in H+ - Arztsekret\u00e4r\/in\" ist eine anerkannte Zusatzausbildung in Arztpraxen oder Spit\u00e4lern","breadcrumb":{"@id":"https:\/\/www.mpaschule.ch\/index.php\/medizinische-bildung\/medizinische-sekretaerin-h-arztsekretaerin\/#breadcrumb"},"inLanguage":"de","potentialAction":[{"@type":"ReadAction","target":["https:\/\/www.mpaschule.ch\/index.php\/medizinische-bildung\/medizinische-sekretaerin-h-arztsekretaerin\/"]}]},{"@type":"ImageObject","inLanguage":"de","@id":"https:\/\/www.mpaschule.ch\/index.php\/medizinische-bildung\/medizinische-sekretaerin-h-arztsekretaerin\/#primaryimage","url":"https:\/\/www.mpaschule.ch\/wp-content\/uploads\/2016\/01\/iStock-530984414_quer3-e1489672289687.jpg","contentUrl":"https:\/\/www.mpaschule.ch\/wp-content\/uploads\/2016\/01\/iStock-530984414_quer3-e1489672289687.jpg","width":1000,"height":332,"caption":"530984414"},{"@type":"BreadcrumbList","@id":"https:\/\/www.mpaschule.ch\/index.php\/medizinische-bildung\/medizinische-sekretaerin-h-arztsekretaerin\/#breadcrumb","itemListElement":[{"@type":"ListItem","position":1,"name":"Start","item":"https:\/\/www.mpaschule.ch\/"},{"@type":"ListItem","position":2,"name":"Medizinische Bildung","item":"https:\/\/www.mpaschule.ch\/index.php\/medizinische-bildung\/"},{"@type":"ListItem","position":3,"name":"Medizinische\/r Sekret\u00e4r\/in H+ \/ Arztsekret\u00e4r\/in"}]},{"@type":"WebSite","@id":"https:\/\/www.mpaschule.ch\/#website","url":"https:\/\/www.mpaschule.ch\/","name":"MPA Berufs- und Handelsschule Buchs","description":"MPA EFZ, KV EFZ, MPK klinische Richtung, MPK praxisleitende Richtung, Handelsdiplom VSH, B\u00fcrofachdiplom VSH, Medizinische Praxisassistentin\/Medizinischer Praxisassistent EFZ, Medizinische Sekret\u00e4rin H+\/Arztsekret\u00e4rin","publisher":{"@id":"https:\/\/www.mpaschule.ch\/#organization"},"potentialAction":[{"@type":"SearchAction","target":{"@type":"EntryPoint","urlTemplate":"https:\/\/www.mpaschule.ch\/?s={search_term_string}"},"query-input":{"@type":"PropertyValueSpecification","valueRequired":true,"valueName":"search_term_string"}}],"inLanguage":"de"},{"@type":"Organization","@id":"https:\/\/www.mpaschule.ch\/#organization","name":"MPA Berufs- und Handelsschule Buchs","url":"https:\/\/www.mpaschule.ch\/","logo":{"@type":"ImageObject","inLanguage":"de","@id":"https:\/\/www.mpaschule.ch\/#\/schema\/logo\/image\/","url":"https:\/\/www.mpaschule.ch\/wp-content\/uploads\/2025\/12\/Logo_gross_WeissHintergrund.png","contentUrl":"https:\/\/www.mpaschule.ch\/wp-content\/uploads\/2025\/12\/Logo_gross_WeissHintergrund.png","width":1902,"height":2007,"caption":"MPA Berufs- und Handelsschule Buchs"},"image":{"@id":"https:\/\/www.mpaschule.ch\/#\/schema\/logo\/image\/"},"sameAs":["https:\/\/www.facebook.com\/people\/MPA-Berufs-und-Handelsschule\/61575351655872\/","https:\/\/www.instagram.com\/mpaschule\/","https:\/\/www.youtube.com\/@mpaschule-buchs"]}]}},"_links":{"self":[{"href":"https:\/\/www.mpaschule.ch\/index.php\/wp-json\/wp\/v2\/pages\/11","targetHints":{"allow":["GET"]}}],"collection":[{"href":"https:\/\/www.mpaschule.ch\/index.php\/wp-json\/wp\/v2\/pages"}],"about":[{"href":"https:\/\/www.mpaschule.ch\/index.php\/wp-json\/wp\/v2\/types\/page"}],"author":[{"embeddable":true,"href":"https:\/\/www.mpaschule.ch\/index.php\/wp-json\/wp\/v2\/users\/1"}],"replies":[{"embeddable":true,"href":"https:\/\/www.mpaschule.ch\/index.php\/wp-json\/wp\/v2\/comments?post=11"}],"version-history":[{"count":111,"href":"https:\/\/www.mpaschule.ch\/index.php\/wp-json\/wp\/v2\/pages\/11\/revisions"}],"predecessor-version":[{"id":10064,"href":"https:\/\/www.mpaschule.ch\/index.php\/wp-json\/wp\/v2\/pages\/11\/revisions\/10064"}],"up":[{"embeddable":true,"href":"https:\/\/www.mpaschule.ch\/index.php\/wp-json\/wp\/v2\/pages\/7"}],"wp:featuredmedia":[{"embeddable":true,"href":"https:\/\/www.mpaschule.ch\/index.php\/wp-json\/wp\/v2\/media\/3867"}],"wp:attachment":[{"href":"https:\/\/www.mpaschule.ch\/index.php\/wp-json\/wp\/v2\/media?parent=11"}],"curies":[{"name":"wp","href":"https:\/\/api.w.org\/{rel}","templated":true}]}}